2 + 2*k + 9*k**3 + 8*k**3. Calculate a(7).
5
Let o(x) = -x**3 + 6*x**2 - 6. Suppose 4*d = d + 4*p - 34, 3*d = 3*p - 30. Let n = d + 11. What is o(n)?
19
Suppose -4*w - w = 25, -165 = -4*j + w. Let y be j/140 - 766/(-14). Suppose 0 = -7*o - y - 8. Let k(s) = s**3 + 10*s**2 + 10*s + 1. What is k(o)?
-8
Let s(x) = -x + 3. Let g(o) = o**2 + 3*o - 14. Let i be g(-6). Give s(i).
-1
Let u(v) = 49*v + 46*v - 149*v + 43*v. Calculate u(-1).
11
Let z(u) = -13*u + 26*u - 14*u - 190 + 177. Let m = -1 - 9. Give z(m).
-3
Let d(i) = 7*i**2 - 6*i - 2. Let x(h) = -6*h**2 + 5*h + 2. Suppose -6*w = 4*w + 40. Let c(a) = w*x(a) - 3*d(a). What is c(2)?
6
Let s(t) = -t - 2. Let r be ((-20)/(-35))/((-3)/(-21)). Let u be (3 + r + -3)/1. Let z be 546/143 + u/22. What is s(z)?
-6
Let q(o) be the first derivative of -o + 1/2*o**3 - 1 - 3/2*o**2. Let j(p) be the first derivative of q(p). What is j(2)?
3
Let v(y) = 7*y**2 - 2. Let k = 1298 - 1297. What is v(k)?
5
Let u(l) be the second derivative of 5*l**3/6 - l**2/2 + 143*l. Determine u(-10).
-51
Let k(u) be the first derivative of -1/3*u**3 + 2*u + 5/2*u**2 + 6. Give k(4).
6
Let z = 357 - 363. Let l(u) = -u**2 - 2*u + 5. Calculate l(z).
-19
Suppose 3*i = 5*k + 18, 3*i - 18 = -5*k - 0. Let a(j) = 2*j - 6. Determine a(i).
6
Let s(t) = -t**2 - 8*t - 5. Let y be s(-5). Suppose -11*b = -y*b. Let m(j) = -j**3 + j**2 + 3*j + 5. Let d(h) = h - 1. Let w(q) = 2*d(q) - m(q). Determine w(b).
-7
Let b(u) = 3*u**2 + 24*u + 21. Let v be b(-9). Let l = v + -54. Let p(z) = 7*z - 3 + z**2 + 0*z**2 + 11. What is p(l)?
2
Let m(c) be the second derivative of 3/2*c**2 + 0 - 5*c + 1/6*c**3 - 1/12*c**4. Let j(t) be the first derivative of m(t). Determine j(-4).
9
Let y(a) be the first derivative of -a**5/20 - a**4/4 + 5*a**3/6 + a**2 - 17*a - 7. Let c(k) be the first derivative of y(k). What is c(-4)?
-2
Let k(p) = -8*p**3 - 5*p**2 - 26*p + 22. Let m(z) = -5*z**3 - 2*z**2 - 14*z + 11. Let s(b) = -3*k(b) + 5*m(b). What is s(6)?
1
Let y(w) = 3*w. Let a = -85 + 90. What is y(a)?
15
Suppose -2*j + 4 = -4*j, 3*j + 18 = -3*l. Let g(z) = 144*z + 4. Let a(m) = -41*m - 1. Let b(d) = 7*a(d) + 2*g(d). What is b(l)?
-3
Let z(w) be the second derivative of w**3/3 + 5*w**2 - 8*w - 21. What is z(9)?
28
Let g(m) = 6*m**2 - 4*m + 2. Let r(q) = -q**2. Let a(d) = g(d) - 2*r(d). Let t be (2 - 36/21)*7. What is a(t)?
26
Let h(w) = w**2 - w. Suppose 20 = 4*y + 3*l + 8, 0 = -3*l. Calculate h(y).
6
Let z = 197 + -203. Let j(i) = -i**3 - 6*i**2 - i - 5. Calculate j(z).
1
Let l = -15 + 26. Let q = 8 - l. Let k(j) = 3 - 10 + j + 5. Determine k(q).
-5
Let z = 24 + -12. Let c = 16 - z. Suppose c*w + w + 15 = -g, 2*w - 3*g = -6. Let q(v) = v**2 + 5*v - 1. Give q(w).
-7
Let v be 0*(-1)/3*-3. Let t(o) = -o**2 + o + 4. Let f be t(v). Let r(j) be the first derivative of -j**4/4 + 4*j**3/3 - j**2/2 + j + 56. Calculate r(f).
-3
Let q be -2 - (1 + (4 - 7)). Let f be (q - -3) + (-7 - -4). Suppose f = -b + 3 + 3. Let a(d) = -d + 14. Calculate a(b).
8
Let h(r) = r**2 - 10*r - 20. Let f(o) = 5*o**2 - 38*o - 75. Let n(l) = -2*f(l) + 9*h(l). Determine n(-3).
3
Let l(a) = a**3 + 2*a**2 - 4*a - 4. Let j be l(-2). Let s(o) be the second derivative of 0 + 3*o + 1/3*o**3 + 2*o**2 - 1/2*o**j - 1/20*o**5. What is s(-6)?
-8
Suppose -32*o = -23*o - 27. Let j(p) be the second derivative of 3/2*p**2 - 1/3*p**o + 0 + 6*p. Calculate j(-3).
9
Let p(t) = 7*t - 1. Suppose -6 = -5*b + 3*b. Suppose -2*x - 3*r - 7 = 0, b*r + r + 32 = 3*x. Suppose -4*i = -4*f, -x*f = -2*i - 5*f - 3. Give p(i).
-8
Let x(q) = q**2 + 10*q + 29. Let m be x(-6). Let s(p) = 4*p - 20. Calculate s(m).
0
Let t(y) = -4155*y - 3 + 4152*y - y**2 + 6. Determine t(-4).
-1
Let x(t) = 2*t**2 + 2*t - 2*t - 2*t - 3. Let y be ((-2)/(-4))/(2/36). Suppose 0 = -i - 2*i + y. What is x(i)?
9
Suppose 2*w = -2*j + 9 - 1, 2*w = j - 1. Let a(h) = 2*h + 2*h**2 - h**2 + 5 - 4 + h**j + 3*h**2. What is a(-2)?
5
Suppose -l + 3*w = 2*l + 12, -3*w + 9 = 0. Let a be ((-9)/(-12))/(l/(-12)). Let j = a - 16. Let d(c) = -c**2 - 7*c - 1. Determine d(j).
-1
Let t(f) = f + 5. Let v be t(7). Let d be 32/v*(-3)/(-2). Let u be (-2 - (-4)/d) + -4. Let n(y) = -y + 2. Determine n(u).
7
Suppose -u + 14 = 16. Let y(z) = 7*z**2 + 8*z + 6. Let n(r) = -15*r**2 - 17*r - 13. Let w(i) = -6*n(i) - 13*y(i). Determine w(u).
0
Let g(i) = -23*i**3 - 2*i**2 + 1. Let y(x) = -x**3 + 21*x**2 + 10. Let c be y(21). Suppose 0 = -13*f + 3*f - c. Determine g(f).
22
Let s(q) = 2*q**2 + q. Let l be s(-1). Let g(u) = 20*u**2 + 4*u + 1. Let z(y) = 58*y**2 + 11*y + 3. Let f(k) = -17*g(k) + 6*z(k). Calculate f(l).
7
Let j(m) be the third derivative of m**6/120 + 7*m**5/60 - m**4/6 - m**3/2 + 23*m**2. Calculate j(-7).
25
Let r(f) = -1 - 5*f**2 + f**2 - f + 6*f**2. Suppose -13*p - 2*p - 45 = 0. What is r(p)?
20
Let g(l) = -5*l**3 - l**2 + 5*l + 1. Let v(f) = -5*f**3 - f**2 + 7*f + 2. Let k(r) = 3*g(r) - 2*v(r). Calculate k(1).
-6
Let g(a) = -a**2 + 13*a - 9. Let t be 78/(-143) + 149/11. Determine g(t).
-9
Let c(t) = 3*t**2 - 6*t. Let x(b) = b**2 + b. Suppose -8*p + 4*p + 8 = 0. Let a(r) = p*x(r) - c(r). Determine a(6).
12
Let p(q) = 2*q + 3. Let h(b) = b**2 + 3*b - 11. Let v be h(-5). Let t be p(v). Let i(x) = 3*x**2 + 2*x - 1. Give i(t).
4
Suppose 12 + 6 = -3*g. Suppose -26*q + 16 = -22*q. Let y be 20/g*(-6)/q. Let v(b) = -2*b + 4. Give v(y).
-6
Let v(u) = 2*u**3 + 4*u**2 + 4*u + 3. Let o be v(-2). Let d be 6 + (4/3 - (-60)/(-18)). Let z(t) = 8*t**2 - d*t**2 + t**2 - t + 3 + t**3 + 0*t. Determine z(o).
8
Let n(t) = 6*t + 1. Let s be (-12)/(-7) - (-18)/63. Let i = s - -1. Let l(v) = -6*v - 1. Let g(p) = i*n(p) + 2*l(p). Give g(-2).
-11
Let a(f) = -f**3 - 7*f**2 - 5*f. Let l be (7 - 1)*6*(-8)/48. Determine a(l).
-6
Suppose -6*x - 45 = -3. Let z(t) = 4*t + 14. Let g(o) = -7*o - 28. Let r(v) = 3*g(v) + 5*z(v). Determine r(x).
-7
Let u(v) = -11 - 4 - 2*v + 0 + 3*v + 12. Determine u(10).
7
Let r(f) be the third derivative of -f**8/10080 - f**5/60 - 23*f**2. Let c(l) be the third derivative of r(l). Give c(-2).
-8
Let p = -131 + 141. Let q(n) = -n + 6. Determine q(p).
-4
Suppose 4*u - 1 = 5*t, 20*u - 15*u + 8 = -3*t. Let f(g) = -21*g - 3. Give f(t).
18
Let l = 88/177 + 10/59. Let h(a) be the third derivative of -l*a**3 - 3*a**2 + 0 + 1/24*a**4 + 0*a. Determine h(-3).
-7
Suppose 34 + 10 = -a + 4*t, 159 = -4*a - t. Let u be (32/a)/(2/(-15)). Let n(w) = w**2 - 8*w + 8. Determine n(u).
-4
Let y = 14 - 12. Let k(q) be the second derivative of 0 + 1/3*q**3 - 18*q - 3/2*q**2. Calculate k(y).
1
Let p(a) = 2*a + 9 - 5*a - 3 - 9*a. Let y(u) = 4*u - 2. Let v(i) = 6*p(i) + 17*y(i). Determine v(6).
-22
Let k(c) = -4*c**3 + 6*c**2 - 7*c. Let t(s) = -11*s**3 + 14*s**2 - 16*s - 1. Let p(l) = 5*k(l) - 2*t(l). Determine p(1).
3
Let c(m) = -m**3 + 2*m**2 + 3*m - 2. Let g be (-2 - 14/(-6))/((-4)/(-48)). Suppose 3*j - 4*o = 26, 4*j + 2*o = g - 6. Calculate c(j).
4
Let n = -36 - -62. Suppose n*b = 22*b. Let o(t) = t**3 - t**2 + t - 9. Calculate o(b).
-9
Suppose 4*p + 0*r = -3*r - 23, -2*r = -5*p. Let n be (-5)/20 - p/8. Suppose n*k + 8 = h - 5*k, 2*h - 3*k - 9 = 0. Let t(i) = i**3 - 3*i**2 - i - 1. Give t(h).
-4
Let a = 20 + -16. Let x = 6 - a. Let i(d) = 13*d**2 + 20*d**x + 3 - 29*d**2 + d**3. Determine i(-4).
3
Let k(q) be the second derivative of -q**4/12 - q**3/3 - 3*q**2/2 - 2*q - 64. What is k(-3)?
-6
Let v = -8 - -5. Let r(u) = 3*u + 5. Let f(i) = -10*i - 14. Let t(o) = -f(o) - 2*r(o). Give t(v).
-8
Let s(n) = -4*n**2 + 8*n + 8 + n**2 + 4*n**2. Let x be ((-7)/(-2))/(4/(-8)). Give s(x).
1
Let n(y) = y - 25. Let m(h) = -11. Let d(r) = -5*m(r) + 2*n(r). What is d(-3)?
-1
Let w(x) = -2*x - 5. Suppose 2*y + 1 = -3*c + 8, -5*y - 10 = 2*c. Let b be c + (-3)/(-6)*-2. Determine w(b).
-13
Let m = -53 + 77. Let z = -21 + m. Let g(u) = 0 - 3*u - 6 - 3 + z. What is g(-6)?
12
Suppose -3*d - 4*z = -16, -3*d - 7*z + 11*z = -8. Let q(i) = -3*i + 2. Give q(d).
-10
Let y(d) = d**3 - 2*d + 5. Let n be y(0). Let z(b) be the second derivative of -5*b**3/6 + 7*b**2/2 - 7*b. What is z(n)?
-18
Let u = 172 - 171. Let h(d) = 6*d**2 + 4*d - 1. Let q(z) = -z**2 + z. Let g(c) = -h(c) + 2*q(c). Determine g(u).
-9
Let i(h) = 3 + 16*h - 23 + h**2 + 16*h + 25*h - 69*h. Give i(14).
8
Let c(g) = -g**3 + 6*g**2 + 1. Let v be (63/4 - 16)/((-1)/24). Deter